{"id":14,"date":"2023-09-19T09:56:56","date_gmt":"2023-09-19T09:56:56","guid":{"rendered":"https:\/\/gear.markus-peschel.de\/wordpress\/?page_id=14"},"modified":"2023-09-19T13:04:25","modified_gmt":"2023-09-19T13:04:25","slug":"startseite","status":"publish","type":"page","link":"https:\/\/gear.markus-peschel.de\/wordpress\/","title":{"rendered":"Start"},"content":{"rendered":"\n<div class=\"wp-block-cover alignfull is-light hestia-clear-top-padding\"><span aria-hidden=\"true\" class=\"wp-block-cover__background has-white-background-color has-background-dim-100 has-background-dim\"><\/span><div class=\"wp-block-cover__inner-container is-layout-flow wp-block-cover-is-layout-flow\">\n<p class=\"has-text-align-center has-large-font-size\"><strong>Herzlich willkommen auf der Homepage des Forschungsprojekts GeAR!<\/strong><\/p>\n\n\n\n<p class=\"has-text-align-center has-medium-font-size\">GeAR &#8211; Gelingensbedingungen und Grundsatzfragen von Augmented Reality in experimentellen Lehr-Lernsituationen entlang der schulischen Bildungsbiographie<\/p>\n\n\n\n<hr class=\"wp-block-separator has-alpha-channel-opacity\"\/>\n\n\n\n<p class=\"has-text-align-center has-medium-font-size\"><strong>Hinweis: Dies ist eine archivierte Version der Projektwebseite des vom BMBF zwischen 2018 und 2022 im Rahmen der F\u00f6rderlinie &#8222;Digitalisierung im Bildungsbereich&#8220; finanzierten Projekts GeAR. Die Projektpartner von GeAR waren die UdS (AG Prof. Dr. Br\u00fcnken, AG Prof. Dr. Peschel), die TU Kaiserslautern, jetzt RPTU (AG Prof. Dr. Jochen Kuhn, jetzt LMU M\u00fcnchen) sowie das DFKI (AG Prof. Dr. Daniel Sonntag, Oldenburg und Saarbr\u00fccken, AG Prof. Dr. Paul Lukowicz, Kaiserslautern). Diese Webseite wird von den Projektpartnern nicht mehr aktualisiert oder ver\u00e4ndert, sie dient lediglich der Aufbewahrung \/ zur Ansicht. Elemente wie Newsletter und Kontaktformulare wurden in dieser Version der Webseite entfernt.<\/strong><\/p>\n\n\n\n<hr class=\"wp-block-separator has-alpha-channel-opacity\"\/>\n\n\n\n<p class=\"has-medium-font-size\">Das Projekt GeAR besch\u00e4ftigt sich mit der Erforschung der Auswirkungen von Augmented Reality (\u201eAR\u201c) auf das Rezeptions- und Produktionsverhalten im Kontext schulischer Lehr-Lernprozesse. Dar\u00fcber hinaus werden Potentiale und besondere Herausforderungen des Einsatzes von AR im beschriebenen Themenfeld (z.B. Akzeptanz, Usability) identifiziert. Im Austausch mit Lehrer*innen, Fachleiter*innen und Schulen sollen schlussendlich auch die M\u00f6glichkeiten und Grenzen der Implementierung von AR-basierten Lernumgebungen in konkreten schulischen Unterrichtssituationen eruiert werden.<br> Es handelt sich um ein Kooperationsprojekt der Universit\u00e4t des Saarlandes, der Technischen Universit\u00e4t Kaiserslautern, sowie dem Deutschen Forschungszentrum f\u00fcr K\u00fcnstliche Intelligenz (DFKI) in Kaiserslautern und Saarbr\u00fccken.<\/p>\n\n\n<div class=\"wp-block-image\">\n<figure class=\"aligncenter size-large\"><img loading=\"lazy\" decoding=\"async\" width=\"1024\" height=\"725\" src=\"https:\/\/gear.markus-peschel.de\/wordpress\/wp-content\/uploads\/2023\/09\/Bildschirmfoto-2023-09-19-um-12.10.43-1024x725.png\" alt=\"\" class=\"wp-image-45\" srcset=\"https:\/\/gear.markus-peschel.de\/wordpress\/wp-content\/uploads\/2023\/09\/Bildschirmfoto-2023-09-19-um-12.10.43-1024x725.png 1024w, https:\/\/gear.markus-peschel.de\/wordpress\/wp-content\/uploads\/2023\/09\/Bildschirmfoto-2023-09-19-um-12.10.43-300x212.png 300w, https:\/\/gear.markus-peschel.de\/wordpress\/wp-content\/uploads\/2023\/09\/Bildschirmfoto-2023-09-19-um-12.10.43-768x544.png 768w, https:\/\/gear.markus-peschel.de\/wordpress\/wp-content\/uploads\/2023\/09\/Bildschirmfoto-2023-09-19-um-12.10.43-1536x1087.png 1536w, https:\/\/gear.markus-peschel.de\/wordpress\/wp-content\/uploads\/2023\/09\/Bildschirmfoto-2023-09-19-um-12.10.43.png 1687w\" sizes=\"auto, (max-width: 1024px) 100vw, 1024px\" \/><figcaption class=\"wp-element-caption\">Projektposter im Rahmen des EdTech Research Forums 2021<\/figcaption><\/figure>\n<\/div>\n\n\n<hr class=\"wp-block-separator has-alpha-channel-opacity\"\/>\n\n\n\n<p class=\"has-text-align-center\">Das Projekt GeAR wurde finanziert vom Bundesministerium f\u00fcr Bildung und Forschung (BMBF).<\/p>\n\n\n<div class=\"wp-block-image\">\n<figure class=\"aligncenter size-large is-resized\"><img loading=\"lazy\" decoding=\"async\" src=\"https:\/\/gear.markus-peschel.de\/wordpress\/wp-content\/uploads\/2023\/09\/csm_171215_neues-BMBF-Logo_190ed12ef2-1024x705.png\" alt=\"\" class=\"wp-image-48\" style=\"width:405px;height:279px\" width=\"405\" height=\"279\" srcset=\"https:\/\/gear.markus-peschel.de\/wordpress\/wp-content\/uploads\/2023\/09\/csm_171215_neues-BMBF-Logo_190ed12ef2-1024x705.png 1024w, https:\/\/gear.markus-peschel.de\/wordpress\/wp-content\/uploads\/2023\/09\/csm_171215_neues-BMBF-Logo_190ed12ef2-300x207.png 300w, https:\/\/gear.markus-peschel.de\/wordpress\/wp-content\/uploads\/2023\/09\/csm_171215_neues-BMBF-Logo_190ed12ef2-768x529.png 768w, https:\/\/gear.markus-peschel.de\/wordpress\/wp-content\/uploads\/2023\/09\/csm_171215_neues-BMBF-Logo_190ed12ef2.png 1160w\" sizes=\"auto, (max-width: 405px) 100vw, 405px\" \/><\/figure>\n<\/div>\n\n\n<div style=\"height:40px\" aria-hidden=\"true\" class=\"wp-block-spacer\"><\/div>\n\n\n\n<div style=\"height:40px\" aria-hidden=\"true\" class=\"wp-block-spacer\"><\/div>\n<\/div><\/div>\n","protected":false},"excerpt":{"rendered":"","protected":false},"author":1,"featured_media":0,"parent":0,"menu_order":0,"comment_status":"closed","ping_status":"closed","template":"","meta":{"footnotes":""},"class_list":["post-14","page","type-page","status-publish","hentry"],"_links":{"self":[{"href":"https:\/\/gear.markus-peschel.de\/wordpress\/index.php?rest_route=\/wp\/v2\/pages\/14","targetHints":{"allow":["GET"]}}],"collection":[{"href":"https:\/\/gear.markus-peschel.de\/wordpress\/index.php?rest_route=\/wp\/v2\/pages"}],"about":[{"href":"https:\/\/gear.markus-peschel.de\/wordpress\/index.php?rest_route=\/wp\/v2\/types\/page"}],"author":[{"embeddable":true,"href":"https:\/\/gear.markus-peschel.de\/wordpress\/index.php?rest_route=\/wp\/v2\/users\/1"}],"replies":[{"embeddable":true,"href":"https:\/\/gear.markus-peschel.de\/wordpress\/index.php?rest_route=%2Fwp%2Fv2%2Fcomments&post=14"}],"version-history":[{"count":11,"href":"https:\/\/gear.markus-peschel.de\/wordpress\/index.php?rest_route=\/wp\/v2\/pages\/14\/revisions"}],"predecessor-version":[{"id":94,"href":"https:\/\/gear.markus-peschel.de\/wordpress\/index.php?rest_route=\/wp\/v2\/pages\/14\/revisions\/94"}],"wp:attachment":[{"href":"https:\/\/gear.markus-peschel.de\/wordpress\/index.php?rest_route=%2Fwp%2Fv2%2Fmedia&parent=14"}],"curies":[{"name":"wp","href":"https:\/\/api.w.org\/{rel}","templated":true}]}}

<div class="wp-block-cover alignfull is-light hestia-clear-top-padding"><span aria-hidden="true" class="wp-block-cover__background has-white-background-color has-background-dim-100 has-background-dim"></span><div class="wp-block-cover__inner-container is-layout-flow wp-block-cover-is-layout-flow">
<p class="has-text-align-center has-large-font-size"><strong>Herzlich willkommen auf der Homepage des Forschungsprojekts GeAR!</strong></p>



<p class="has-text-align-center has-medium-font-size">GeAR &#8211; Gelingensbedingungen und Grundsatzfragen von Augmented Reality in experimentellen Lehr-Lernsituationen entlang der schulischen Bildungsbiographie</p>



<hr class="wp-block-separator has-alpha-channel-opacity"/>



<p class="has-text-align-center has-medium-font-size"><strong>Hinweis: Dies ist eine archivierte Version der Projektwebseite des vom BMBF zwischen 2018 und 2022 im Rahmen der Förderlinie &#8222;Digitalisierung im Bildungsbereich&#8220; finanzierten Projekts GeAR. Die Projektpartner von GeAR waren die UdS (AG Prof. Dr. Brünken, AG Prof. Dr. Peschel), die TU Kaiserslautern, jetzt RPTU (AG Prof. Dr. Jochen Kuhn, jetzt LMU München) sowie das DFKI (AG Prof. Dr. Daniel Sonntag, Oldenburg und Saarbrücken, AG Prof. Dr. Paul Lukowicz, Kaiserslautern). Diese Webseite wird von den Projektpartnern nicht mehr aktualisiert oder verändert, sie dient lediglich der Aufbewahrung / zur Ansicht. Elemente wie Newsletter und Kontaktformulare wurden in dieser Version der Webseite entfernt.</strong></p>



<hr class="wp-block-separator has-alpha-channel-opacity"/>



<p class="has-medium-font-size">Das Projekt GeAR beschäftigt sich mit der Erforschung der Auswirkungen von Augmented Reality („AR“) auf das Rezeptions- und Produktionsverhalten im Kontext schulischer Lehr-Lernprozesse. Darüber hinaus werden Potentiale und besondere Herausforderungen des Einsatzes von AR im beschriebenen Themenfeld (z.B. Akzeptanz, Usability) identifiziert. Im Austausch mit Lehrer*innen, Fachleiter*innen und Schulen sollen schlussendlich auch die Möglichkeiten und Grenzen der Implementierung von AR-basierten Lernumgebungen in konkreten schulischen Unterrichtssituationen eruiert werden.<br> Es handelt sich um ein Kooperationsprojekt der Universität des Saarlandes, der Technischen Universität Kaiserslautern, sowie dem Deutschen Forschungszentrum für Künstliche Intelligenz (DFKI) in Kaiserslautern und Saarbrücken.</p>


<div class="wp-block-image">
<figure class="aligncenter size-large"><img loading="lazy" decoding="async" width="1024" height="725" src="https://gear.markus-peschel.de/wordpress/wp-content/uploads/2023/09/Bildschirmfoto-2023-09-19-um-12.10.43-1024x725.png" alt="" class="wp-image-45" srcset="https://gear.markus-peschel.de/wordpress/wp-content/uploads/2023/09/Bildschirmfoto-2023-09-19-um-12.10.43-1024x725.png 1024w, https://gear.markus-peschel.de/wordpress/wp-content/uploads/2023/09/Bildschirmfoto-2023-09-19-um-12.10.43-300x212.png 300w, https://gear.markus-peschel.de/wordpress/wp-content/uploads/2023/09/Bildschirmfoto-2023-09-19-um-12.10.43-768x544.png 768w, https://gear.markus-peschel.de/wordpress/wp-content/uploads/2023/09/Bildschirmfoto-2023-09-19-um-12.10.43-1536x1087.png 1536w, https://gear.markus-peschel.de/wordpress/wp-content/uploads/2023/09/Bildschirmfoto-2023-09-19-um-12.10.43.png 1687w" sizes="auto, (max-width: 1024px) 100vw, 1024px" /><figcaption class="wp-element-caption">Projektposter im Rahmen des EdTech Research Forums 2021</figcaption></figure>
</div>


<hr class="wp-block-separator has-alpha-channel-opacity"/>



<p class="has-text-align-center">Das Projekt GeAR wurde finanziert vom Bundesministerium für Bildung und Forschung (BMBF).</p>


<div class="wp-block-image">
<figure class="aligncenter size-large is-resized"><img loading="lazy" decoding="async" src="https://gear.markus-peschel.de/wordpress/wp-content/uploads/2023/09/csm_171215_neues-BMBF-Logo_190ed12ef2-1024x705.png" alt="" class="wp-image-48" style="width:405px;height:279px" width="405" height="279" srcset="https://gear.markus-peschel.de/wordpress/wp-content/uploads/2023/09/csm_171215_neues-BMBF-Logo_190ed12ef2-1024x705.png 1024w, https://gear.markus-peschel.de/wordpress/wp-content/uploads/2023/09/csm_171215_neues-BMBF-Logo_190ed12ef2-300x207.png 300w, https://gear.markus-peschel.de/wordpress/wp-content/uploads/2023/09/csm_171215_neues-BMBF-Logo_190ed12ef2-768x529.png 768w, https://gear.markus-peschel.de/wordpress/wp-content/uploads/2023/09/csm_171215_neues-BMBF-Logo_190ed12ef2.png 1160w" sizes="auto, (max-width: 405px) 100vw, 405px" /></figure>
</div>


<div style="height:40px" aria-hidden="true" class="wp-block-spacer"></div>



<div style="height:40px" aria-hidden="true" class="wp-block-spacer"></div>
</div></div>
